 o + 4. Let j be s(8). Suppose -3*l + 61 = -n, 6*n = 3*n - j. Calculate the highest common factor of l and 152.
19
Suppose 0*u - u + 26 = 0. What is the highest common factor of 104 and u?
26
Let j(m) = -5*m**3 - 3*m**2 - 5*m - 3. Let k be j(-3). Calculate the greatest common divisor of k and 80.
40
Let x(h) = 54*h**2 + h + 2. Let n be x(-2). Let k be -1 - ((2 - 2) + -28). Calculate the highest common factor of k and n.
27
Let l(f) = -11*f**3 - 3*f**2 + f + 2. Let z be l(-2). Calculate the highest common divisor of z and 114.
38
Let h = 275 - -189. What is the highest common divisor of h and 58?
58
Let r be (8 - 13)*(-1 + 0). Let a(p) = 5*p - 6. Let h be a(r). Calculate the highest common divisor of h and 76.
19
Let z(v) = -v + 45. Let n be z(0). Let l(i) = i**3 - 3*i**2 - 3*i - 4. Let p be l(4). Suppose 3*f + 2 - 17 = p. Calculate the highest common factor of n and f.
5
Let d = -11 - -75. Let p = -40 + d. Calculate the greatest common factor of p and 24.
24
Let s be (-2)/8 - 602/(-8). Suppose 5*l - s = -0*l. What is the greatest common divisor of 60 and l?
15
Suppose -71 = -2*i + 7. Suppose -w = -5*d - i, -w + 14 + 5 = -d. What is the greatest common divisor of 42 and w?
14
Let u(x) = -5*x + 15. Let h be u(-9). What is the highest common divisor of h and 12?
12
Suppose 2*m + p - 72 = 3*p, -26 = -m - p. Suppose -119 = -3*f + m. Calculate the highest common divisor of f and 20.
10
Let g(y) = y**3 - 7*y**2 - y + 29. Let o be g(7). Calculate the highest common divisor of 11 and o.
11
Suppose -155 = -2*d + d. What is the highest common factor of d and 62?
31
Let p be 60/35 + -2 - 494/(-14). Let v = 4 - -15. Let k = p - v. Calculate the highest common factor of k and 2.
2
Let m(r) = r**3 - 2*r**2 + r + 88. Let p be m(0). What is the highest common factor of 22 and p?
22
Let x(j) = 19*j - 38. Let v be x(13). What is the highest common factor of 19 and v?
19
Suppose 5*d - 5 - 65 = 0. Suppose 0 = 5*m - 3 - 7. Calculate the greatest common divisor of m and d.
2
Let q(p) = -4*p + 12*p + 12 - 9*p. Let t be q(9). Suppose t*m + 63 = 6*m. Calculate the highest common factor of m and 14.
7
Let i(z) = -3 - 2 - 1 + 2*z - 6*z. Let t be i(-6). What is the highest common divisor of t and 72?
18
Let r be 4/(1/4*-2). Let i be -16*(-4)/r*-1. Calculate the greatest common divisor of 72 and i.
8
Let f(r) = r**2 + 6*r. Let v be f(-7). Calculate the greatest common factor of 7 and v.
7
Let r = 81 + -26. Let c = r - -33. What is the highest common divisor of 8 and c?
8
Let n(h) = -h - 19. Let f be n(-9). Let d(b) = -b**2 - 12*b - 12. Let t be d(f). Calculate the greatest common divisor of 2 and t.
2
Let r = 1 - 0. Let x be (0 + 1)*(1 - -8). Calculate the highest common divisor of x and r.
1
Let x = 33 - 30. Suppose 1 = 3*i - 35. What is the highest common divisor of i and x?
3
Let y be ((-2)/3)/((-1)/231). Calculate the highest common factor of y and 22.
22
Let q = -6 - -14. Let d = -5 + q. Let z(x) = x**3 - 4*x**2 + 6*x - 6. Let s be z(4). Calculate the greatest common factor of s and d.
3
Let y(g) = 6*g**2 + g. Let q be y(-2). What is the greatest common factor of q and 2?
2
Let r = 18 - 15. What is the highest common divisor of r and 27?
3
Suppose 31*u + 32 = 35*u. Let h(q) = 4 + 0*q + q + 5. Let z be h(u). Calculate the highest common factor of z and 187.
17
Suppose 0 = -2*n - 2*n + 324. Suppose 3*y = h + 2 - 1, h - 39 = -5*y. Suppose 2*c - h = 4. Calculate the highest common factor of n and c.
9
Let o = -196 - -208. Let g be (-2)/(-6) + 16/6. What is the highest common factor of g and o?
3
Let m = 7 + -3. Suppose -o - r - 2 = 4*o, 2*r + m = 5*o. Let a be (1 + o)*(17 - 8). Calculate the greatest common divisor of a and 63.
9
Let o(k) = -k**2 - 1. Let j be o(0). Let n be 1 + (45/3 - j). Calculate the highest common divisor of 34 and n.
17
Let p be (-30)/(-2) - (1 + 0). Let k be (3/2)/(38/8 - 4). What is the highest common factor of p and k?
2
Suppose 0*i = 3*i + 18. Let f = 10 + i. Let s(b) = -b**2 + 7*b - 6. Let u be s(f). Calculate the greatest common divisor of 30 and u.
6
Suppose 2*g + 16 = w, -3*w + 3*g = -0*w - 42. Calculate the highest common factor of 108 and w.
12
Let k(f) = f**3 + 26*f**2 - 4*f - 44. Let s be k(-26). What is the highest common factor of 24 and s?
12
Let t = -30 - -34. Calculate the greatest common factor of 32 and t.
4
Let d(o) = 21*o - 3. Let r be d(3). What is the highest common factor of 45 and r?
15
Let b(z) = z**3 + 5*z**2 - 3*z + 1. Let x be b(-6). Let c = 37 + x. Calculate the highest common factor of c and 8.
4
Let v be (-2)/2 - -1*37. What is the highest common factor of v and 54?
18
Suppose 2*x + 4*l = 60, -5*l = -x - l + 30. Calculate the greatest common divisor of x and 10.
10
Suppose -163 = -z - 2*z - 2*b, -5*z - 2*b = -273. Let k = 7 + -2. Calculate the highest common factor of z and k.
5
Suppose -3*f = -6*f + 3. Let q(x) = x + 2. Suppose 4*a - 24 = -4*g, -2*g = 5*a - 4*g - 37. Let z be q(a). Calculate the greatest common factor of f and z.
1
Let z be (2 - -3) + (3 - 2). Let y = 8 - z. What is the highest common divisor of 8 and y?
2
Let y(t) = 2*t**3 - 2*t**2 + 1. Let g = 4 - 2. Let q be y(g). Suppose -q = -6*u + 3*u. Calculate the highest common divisor of u and 27.
3
Suppose -19*q - 600 = -27*q. Calculate the greatest common divisor of q and 50.
25
Let n = 4 - 10. Let h = -5 - n. Calculate the greatest common divisor of h and 1.
1
Suppose 0*c + 57 = 3*c - 3*m, -4*c + 61 = m. What is the greatest common factor of 8 and c?
8
Let m(z) = 4*z - 11. Let g be m(9). Suppose -4*x - 9 = -g. Suppose -r = x*b - 176, b = 3*b. Calculate the greatest common factor of 16 and r.
16
Suppose -o + 0*o = n - 42, n = -3*o + 46. What is the greatest common factor of 100 and n?
20
Let n be 2/8 - 19/(-4). Let v(r) = r**3 + 8*r**2 - 9*r + 4. Let f be v(-9). Suppose 2*c + 10 = f*c. Calculate the highest common factor of n and c.
5
Let l = 232 + -229. Suppose -5*c - 2*o + 22 = 0, -5*c = -2*c - 4*o - 34. Suppose c*d - 30 = d. Calculate the highest common divisor of l and d.
3
Let f = 132 + -76. What is the highest common factor of 7 and f?
7
Let l = 46 - 18. What is the highest common divisor of 140 and l?
28
Suppose 0*j = 5*j - 15. Calculate the greatest common divisor of 15 and j.
3
Suppose 4*c = 4*v + 80, -3*c - 4*v + 8*v = -60. What is the greatest common factor of 180 and c?
20
Let g(y) = y**2 - 2*y + 3. Let j be g(4). Calculate the greatest common divisor of j and 22.
11
Suppose 37*z - 128 = 33*z. Calculate the highest common factor of 8 and z.
8
Suppose 51 + 85 = 2*v. Let n(a) = 5*a - 3. Let g(q) = q**2 + 9*q - 6. Let m be g(-10). Let s be n(m). What is the greatest common factor of v and s?
17
Let d(m) be the first derivative of -3*m**4/4 - 4*m**3/3 - 3*m**2/2 + m - 4. Let w be d(-3). What is the greatest common factor of w and 11?
11
Suppose -o + 4*o - 15 = 0. Let n = -1 - -1. Suppose o = l - n. Calculate the greatest common factor of 25 and l.
5
Let i be -36*4/((-8)/7). What is the highest common factor of i and 18?
18
Let a = -22 - -19. Let w be a/(-6) + 261/6. What is the highest common divisor of w and 110?
22
Suppose 5*d = -b + 9, 0*d - 2*d = -2*b + 30. Let c = b - 0. Calculate the greatest common factor of c and 2.
2
Suppose -2*l + a + 4 = 0, -16 = a - 5*a. Let v(q) = q**3 - 8*q**2 + 9*q - 6. Let h be v(7). Calculate the highest common factor of h and l.
4
Let v(c) = 52*c - 6. Let o be v(3). Calculate the greatest common factor of o and 60.
30
Suppose 0*l - 1 = l. Let c = l + -3. Let p = 2 - c. What is the highest common factor of p and 48?
6
Let y be (-14)/(-2) - (-15 + 17). Let d(l) = l**2 + 2*l - 3. Let n be d(-4). What is the highest common factor of n and y?
5
Let v = 440 - 279. Suppose -n - 3*n + 92 = 0. Calculate the highest common factor of v and n.
23
Suppose -2*p + 48 = 4*i + 8, -i + 4 = -p. Let m be (10/(-8))/(1/(-4)). Let o be m - 5 - (-88 + 0). What is the highest common divisor of o and i?
8
Let o = -3 - -8. Suppose 10 = o*t - 85. Suppose 463 = 4*p - 373. What is the highest common divisor of t and p?
19
Suppose -5*r + 133 = -62. Calculate the highest common divisor of r and 78.
39
Let i = -31 - -75. What is the greatest common divisor of 110 and i?
22
Let i be (0 - 0) + 6/2. Suppose 0 = -i*z + 15, 5*y + 2*z = -z + 265.